igit of l?
2
Suppose 5*n + 30 = 5*h - 30, 4*n = -3*h + 22. Suppose 2*y = t - 4, 3*y + 3 = -5*t + h. Suppose -u = -t*u + 187. What is the units digit of u?
7
What is the thousands digit of (6/5)/((-62)/67983*6/(-10))?
2
Let c = 13 + -17. Let l be 1*c/(24/9)*-2. Suppose -l*n = 0, -v = 2*v - 4*n - 555. What is the tens digit of v?
8
Suppose -3*t = 15, -2*n - 4*t + 5 = 1. Let f be 190/n + ((-21)/(-18) - 1). Suppose -22*r + f*r + 552 = 0. What is the units digit of r?
2
Let j = -197 - -199. Suppose -2*a - 132 = -j*l - 808, a - 5*l - 334 = 0. What is the tens digit of a?
3
Let i(x) = 601*x**2 + 2 - 2 + 5*x - x - 12*x. What is the tens digit of i(-1)?
0
Let q(r) = 33 + 6*r + 4*r**2 + 18*r**3 - 4*r**3 - 15*r**2 - 15*r**3. What is the hundreds digit of q(-14)?
5
Let f = -81037 - -122409. What is the hundreds digit of f?
3
Suppose v - 9 = 4*t + 14, 0 = -5*v - 3*t. Suppose -4*h + 1676 = -2*s - 1000, v*h - 4*s - 2002 = 0. What is the hundreds digit of h?
6
Let f(g) = -19*g + 16. Let o(p) = p + 26. Let z be o(17). Suppose -5*u + 4*i - z = 0, u - 3*i - 29 = 6*u. What is the units digit of f(u)?
9
Let g(j) = 691*j**2 - 177*j - 644. What is the thousands digit of g(-4)?
1
Suppose -5*b + 2*u + 30 = -2*u, -5*b + 25 = -3*u. Suppose -5*o + 15 = -b*o. Let g = o + 1. What is the units digit of g?
6
Let y = 490 - -1270. Suppose 0 = 2*h - y - 1214. What is the units digit of h?
7
Let m(l) = -l**3 + 16*l**2 - 29*l + 2. Let t be m(14). Let j be t + (-3 - (5 + -10)). Let x(k) = -k**3 - 11*k**2 - 11*k + 9. What is the tens digit of x(j)?
1
Let b = -62 - -52. Let p be 4/(-5)*b/4. What is the units digit of (1 + 19/p)/((-5)/(-40))?
4
Suppose -3*z = 913 - 3346. Let a = z - 542. Let w = a + -150. What is the tens digit of w?
1
Let l = 81 - 78. Suppose -l*z - d = 2*d + 567, -5*d + 406 = -2*z. Let t = 308 + z. What is the hundreds digit of t?
1
Let o(c) = -219*c**3 - 14*c**2 - 67*c - 188. What is the thousands digit of o(-6)?
7
Let b(c) = c**2 - 15*c + 3. Let f be (-2)/3 - 475/(-15). What is the hundreds digit of b(f)?
4
Suppose 21*x + 84727 = 19732. Let a = -2110 - x. What is the units digit of a?
5
Let w(m) = m**3 + 22*m**2 + 16*m - 124. Suppose -2*g - 39 = -3*z + 10, -4*g + 5*z = 95. What is the tens digit of w(g)?
5
Suppose 2*a - 355*v + 350*v = 1308, -v = -3*a + 1949. What is the units digit of a?
9
Let s = 516 - 516. Suppose s*z - 3*z = 3*v - 1797, 4*v = -3*z + 1798. What is the tens digit of z?
9
Suppose 0 = -6*a + 24. Suppose -2 = 4*y + 2, -231 = -a*o + 3*y. Suppose -i + o = -p, 5*i + p - 289 = 2*p. What is the units digit of i?
8
Suppose 164*n - 56*n = 60*n + 1421040. What is the units digit of n?
5
Suppose 5*b - 10*g + 16*g = 49211, -4*g + 49199 = 5*b. What is the units digit of b?
5
Suppose -2*s + 6*s - 72 = -4*l, -2*s + 57 = -5*l. Suppose -5*p + 87*p - 164 = 0. What is the units digit of (p - -1)*434/s?
2
Let q = 3938 + 416. What is the units digit of q?
4
Suppose 2*t = 4*o - 7428, -3*t - 10342 = -4*o - 2916. What is the thousands digit of o?
1
Let n(y) = -2*y**2 - 5*y + 13. Let z be n(-5). What is the tens digit of -2718*(7 - (-90)/z)?
5
Let u = -18 - -23. Let o be (0/((-25)/u))/(-1). Suppose o*k + 504 = 3*k. What is the tens digit of k?
6
Suppose -24694*c + 24684*c + 248490 = 0. What is the thousands digit of c?
4
Suppose -6647221 = -81*p + 32396 - 1307454. What is the tens digit of p?
2
What is the hundreds digit of (-48)/(-2)*38520/216 - -5?
2
Let q be ((-9)/45*-5)/(2/(-72)). Let o(w) = 2*w**2 + 46*w - 1. What is the tens digit of o(q)?
3
Suppose 2*c - 22*f = -18*f + 30550, -f + 61145 = 4*c. What is the tens digit of c?
8
Let d = -3629 + 8171. What is the tens digit of d?
4
Suppose -s + 16 - 3 = 0. Suppose -s + 22 = 3*b. Suppose 0 = -2*d - 5*a + 149, 0 = 2*d - b*d + 3*a + 47. What is the units digit of d?
2
Let c(p) = 5*p + 44. Let y be c(-13). Let i = 68 + y. Suppose 0 = 5*r + 3*k - 311, -r + k + 20 + i = 0. What is the units digit of r?
4
Let k(u) = u**3 - 6*u**2 - 5*u. Let v be k(8). Let g = 436 - 238. Let a = g - v. What is the hundreds digit of a?
1
Let j = -55 - -58. Let t be -1*j*1*(-3 - -9). What is the units digit of (62/(-3))/(4/t)?
3
Let k(p) = 1564*p - 1322. What is the tens digit of k(42)?
6
Let o(i) = -8232*i - 2163. What is the hundreds digit of o(-6)?
2
Let o = -151 - -154. Suppose y + o*i - 538 = 7*i, 0 = 2*y - 2*i - 1088. What is the units digit of y?
6
Let x = -46 - -40. Let r be ((-9)/x)/(4 - (-267)/(-66)). Let q = r - -130. What is the units digit of q?
7
Let s(q) = 53*q**2 - 6*q + 171. What is the units digit of s(13)?
0
Let h be (5/1)/((-36)/(-1836)). Let g = h + -203. What is the tens digit of g?
5
Let b be ((-4)/(-10))/(6/(-30)). Let z be (-62)/(-22) + (-3)/33*b. Suppose 23 = z*a + 2*v - 545, -5*a + 5*v = -980. What is the tens digit of a?
9
Let c(j) = -j. Let g(y) = -y**2 - 7*y + 24. Let a(h) = -2*c(h) + g(h). Let s be a(5). What is the units digit of (-4)/26 - 5958/s?
9
Suppose 21 = 3*o, -7*h + 3*o = -11*h + 202953. What is the units digit of h?
3
Suppose v + 4*f + 14 = 0, 4*v - 4*f - 8 - 16 = 0. Suppose -m + 536 = r + 3, -5*m = v*r - 2677. What is the units digit of m?
7
Let b be (-4)/(-1) - (4 + -2). Suppose b*x + 14 + 4 = -3*j, -x = -j - 6. Let w(k) = 2*k**2 + 5*k - 5. What is the units digit of w(j)?
7
Suppose -13*a = 4677 - 208531 + 8906. What is the units digit of a?
6
Suppose 0 = -3*z + 4*j + 161670, 2*z + 6*j - 8*j - 107782 = 0. What is the thousands digit of z?
3
Suppose -2*s - 3330 = 4*u, 2*u + s = 5*s - 1690. Let t = u + 1415. What is the units digit of t?
0
What is the tens digit of (-1654)/(-4 + 3) + 13 + (-31 - -13)?
4
Suppose 18*r = 21*r - 42. Let s(o) = 13 + 2*o + 0*o - r*o. What is the hundreds digit of s(-11)?
1
Let q be (-171)/(-6)*(6 - 4). Let k be (-2)/(-10) + q/15. Suppose 5*c - 376 = -k*y, 3*y + 1 - 13 = 0. What is the units digit of c?
2
Let w(i) = -7*i**2 - 18*i + 6. Let p = 36 - 29. Let a(q) = 4*q**2 + 9*q - 3. Let x(o) = p*a(o) + 3*w(o). What is the hundreds digit of x(4)?
1
Suppose -4*a + 27 = -3*t - 7, -2*t - 4*a = 36. What is the units digit of -212*((-77)/t)/(-11)?
6
Let y(c) be the first derivative of c**3/3 + 9*c**2 - 6*c + 98. What is the units digit of y(-31)?
7
Suppose 32 + 43 = 15*l. Suppose -3*s + 2609 = -l*v, 2*v = -3*s - v + 2625. What is the tens digit of s?
7
Let r be (1 + 0)/(1 + 120/(-114)). Suppose 5*s + 192 = 13*s. Let q = r + s. What is the units digit of q?
5
Let d(k) = 200*k**3 - 2*k**2 + 71*k - 17. What is the thousands digit of d(6)?
3
Let r(c) be the first derivative of -c**4/4 - c**3/3 + c**2 + 9*c + 3. Let q be (0 - (0 - 3)) + -7. What is the units digit of r(q)?
9
Let c = -20410 - -39700. What is the tens digit of c?
9
Suppose -w + 740 = 2*w + 5*q, 4*w + 4*q = 984. Suppose 2*a - 111 = w. What is the tens digit of a?
7
Let d be ((-3 - -5) + 235)*1. Let z = 372 - 540. Let r = z + d. What is the tens digit of r?
6
Suppose -5*o = -2*r + 530, 10*o = 8*o + 5*r - 233. Let k = o + 235. What is the tens digit of k?
3
Suppose -5*v + 2*v = 2*s + 660, 5*v - 3*s + 1081 = 0. Let w = 57 - v. Suppose -w = -6*o + o. What is the units digit of o?
5
Suppose -3*l + 31*v - 35*v = -33782, 0 = -4*l + 4*v + 45080. What is the units digit of l?
6
Let m be (-40)/(-1)*(-372)/(-10). Suppose -11*y - m = -7054. What is the tens digit of y?
0
What is the tens digit of 2/9*1 - 193*(-2984)/72?
9
Suppose 7*n = -904 + 6112. Let j = 72 + n. What is the hundreds digit of j?
8
Let q = -571 - -591. What is the thousands digit of (-11704)/(-10) - -5 - (-12)/q?
1
Let r(o) = -87*o + 102. Let j be r(1). Let d be (-1)/(-2)*(-2 - -2). Suppose 3*k + d = j, -k = -5*f + 160. What is the units digit of f?
3
Let f(z) = 9*z**2 + 14*z + 9783. What is the thousands digit of f(0)?
9
Let p(w) be the first derivative of w**3/3 - 7*w**2 + 476*w - 128. What is the tens digit of p(0)?
7
Suppose 5*z - 4*d - d - 37640 = 0, -15 = 3*d. What is the units digit of z?
3
Suppose -5*w + 1895 = 3*p, 3*p - 30*w - 1915 = -31*w. Suppose 2*r - 7*r + p = 0. What is the tens digit of r?
2
Let p be ((-5)/(-2))/((-15)/30). What is the tens digit of 1 - -225 - (p - -3)?
2
Let v(c) = 47*c**3 - 9*c**2 + 41*c - 72. What is the thousands digit of v(5)?
5
Suppose -6*h = -5338 + 3982. What is the units digit of h?
6
Let u(g) = 5*g**3 + 29*g**2 - 16*g + 24. W